g + g = 22. Calculate the remainder when (-2)/6*w + 45 is divided by 24.
22
Let y(m) be the second derivative of -m**4/12 - m**3/3 + m. Suppose -5*z = -8*z - 3. What is the remainder when 2 is divided by y(z)?
0
Let f(h) = h**2 - 8*h + 14. Calculate the remainder when f(7) is divided by 5.
2
Let z(h) = -h**2 - 19*h - 20. What is the remainder when z(-14) is divided by 14?
8
Suppose -4*z = -x - 53, 2*z + 4*x = -3*z + 40. What is the remainder when z is divided by 4?
0
What is the remainder when 71 is divided by 2*-15*6/(-12)?
11
Let w(z) = z**2 - 8*z + 5. Let o be w(12). Let j = o - 23. Calculate the remainder when j is divided by 11.
8
Suppose 39 + 24 = 7*d. Calculate the remainder when d is divided by (-13)/(-4) + 2/(-8).
0
Let w = -21 + 50. Calculate the remainder when w is divided by 8.
5
Suppose -96 - 24 = -4*h. Suppose -3*m + h = 3*f - 6*m, 4*m = 4. Calculate the remainder when 19 is divided by f.
8
Let x be (-6)/(-4)*(-48)/(-9). Suppose 2*b = b + x. Calculate the remainder when (-29)/(-2) - (-5)/10 is divided by b.
7
Let t(n) = n**2 - 11*n - 5. Calculate the remainder when t(14) is divided by 13.
11
Suppose -53 - 3 = -2*a. Suppose -82 - 74 = -4*c + 4*v, -5*v = 15. Suppose 2*b - c = a. Calculate the remainder when b is divided by 11.
10
Suppose -18*j = -23*j + 380. What is the remainder when j is divided by 39?
37
Let m(q) be the first derivative of -q**4/4 + q**3/3 + q**2 - q + 2. What is the remainder when 13 is divided by m(-2)?
6
Let p = -25 + 34. Let q = -4 + 20. Calculate the remainder when q is divided by p.
7
Calculate the remainder when 40 is divided by 50/4 - (4 + (-5)/2).
7
Suppose -5*u + 0*o - 2*o = -192, -5*o = -u + 60. Let q = -22 + u. Calculate the remainder when 52 is divided by q.
16
Suppose 2*s - 8 = -8*p + 3*p, 2 = -s - 4*p. Calculate the remainder when 67 is divided by s.
11
Let a = 219 + -134. What is the remainder when a is divided by 22?
19
Let s(l) = 6*l - 13. What is the remainder when (52/(-6))/(10/(-15)) is divided by s(3)?
3
Let r be (2 + (-46 - -1))*-1. Suppose t - 6*t + 2*w + r = 0, -5*t + 44 = -w. What is the remainder when (174/t)/((-2)/(-3)) is divided by 10?
9
Calculate the remainder when 141 is divided by 3/((18/(-142))/(-3)).
70
Let b(m) = m**2 - 8*m - 10. What is the remainder when 113 is divided by b(11)?
21
Suppose 4*s - 2*s = 0. Suppose s = 6*v - 3*v - 9. What is the remainder when 5 is divided by v?
2
Suppose 5*n - 36 = 2*n. Let w be 6/(-39) + 1772/26. Suppose -x + w = x. Calculate the remainder when x is divided by n.
10
Let v = 67 - 1. What is the remainder when v is divided by 17?
15
Suppose 8*k - 194 = 46. Let u be 3/4 + (-2)/(-8). Let y(t) = 16*t**2 - t + 1. What is the remainder when k is divided by y(u)?
14
Let w be (-168)/(-8)*(0 - -1). Let r = 45 - w. What is the remainder when 94 is divided by r?
22
Suppose 0 = -4*t - x + 199, 5*t - 3*t - 77 = -5*x. Let c = 16 - 36. Let n = c + 33. Calculate the remainder when t is divided by n.
12
Suppose 3*n - 5*c = 15, 0 = -n - 4*c + 2 + 3. Calculate the remainder when 7 is divided by n.
2
Let u(q) = q**2 + 5*q - 3. Let t be u(-5). What is the remainder when 19 is divided by t/(-9)*42/2?
5
Suppose 5*r - 4 = 1. Calculate the remainder when r - 4 - 584/(-8) is divided by 24.
22
Suppose -2*k = 5*a - 619, 5*a = -k + 3*k + 611. Calculate the remainder when a is divided by 31.
30
Suppose -4*z + z = 2*k - 50, -3*k = 5*z - 85. Let j = z + -16. What is the remainder when 6 is divided by j?
2
Let f = 1 + -1. Let l be 0/(-1) + f + 6. Suppose 4*n = l*n - 32. Calculate the remainder when n is divided by 9.
7
Let c(w) = w**3 + 12*w**2 - 16*w - 21. What is the remainder when 143 is divided by c(-13)?
17
Calculate the remainder when 484/10 + 2/(-5) is divided by 10.
8
Calculate the remainder when 94 is divided by -2*(-2)/24 + 5513/222.
19
Let c = -12 + 2. Let z = -7 - c. What is the remainder when 5 is divided by z?
2
What is the remainder when ((-2 + 2)/4 - 0) + 48 is divided by 13?
9
Let r be (-5 + 6)/(1/2). Let g be r/2*(23 - 0). Suppose -4*h - g + 199 = 0. Calculate the remainder when h is divided by 15.
14
Let w = 14 - 3. What is the remainder when w is divided by 4?
3
Let n(c) be the third derivative of c**5/60 + c**4/6 - c**3/2 - c**2. What is the remainder when 5*(5 + 0/(-1)) is divided by n(2)?
7
Suppose -2*p = 3*p - 5. Let r be (p + -3)/((-4)/(-26)). Calculate the remainder when 34 is divided by r/(-1) - (-1 + 2).
10
What is the remainder when 2/5 - 1239/(-15) is divided by 21?
20
Suppose o - 3 = 0, 82 = -0*m + 4*m - 2*o. Suppose f - 5*l - 53 = -2*f, -5*f + 2*l + 82 = 0. Let b = f - 8. Calculate the remainder when m is divided by b.
6
Suppose 4*k + 17 = d, 0 = -0*d + d + 2*k - 47. What is the remainder when 108 is divided by d?
34
Let n(m) = -m**3 + 7*m**2 - 7. Let a(k) = k**3 - 7*k**2 - k + 6. Let r(d) = 3*a(d) + 2*n(d). Calculate the remainder when r(8) is divided by 23.
21
Calculate the remainder when ((4/(-12))/(4/636))/(-1) is divided by 14.
11
Calculate the remainder when 778/10 + (-1)/(-5) is divided by 20.
18
Suppose b - 33 - 35 = 4*n, b - 93 = -n. Calculate the remainder when b is divided by 30.
28
Calculate the remainder when 16/(-12) + (-1236)/(-9) is divided by 35.
31
Let r(c) be the first derivative of -4*c**2 + c + 6. Calculate the remainder when 16 is divided by r(-1).
7
Let k(d) = -d**2 - 1. Let s(n) = n**3 + 11*n**2 - n + 3. Let i(x) = 5*k(x) + s(x). Calculate the remainder when 10 is divided by i(-6).
2
Suppose 5*m = -0*m - 5*c + 60, 4 = m + 5*c. Suppose -3*q + 30 = -3*v, -2*q + m = 3*q + 4*v. Calculate the remainder when (-178)/(-8) + (-1)/4 is divided by q.
4
Suppose -5*f + 9*f - 108 = 0. Calculate the remainder when f is divided by 15.
12
Suppose 0 = -4*o, 0*o + o = -i + 9. Calculate the remainder when 14 is divided by i.
5
Suppose 5*l - 235 = -3*p, -2*l + 3*l + 429 = 5*p. Suppose -91 = -2*u + p. What is the remainder when u is divided by 30?
28
Let j be (-7 - -6) + (-10)/(-2). Suppose -j*h = -4 - 12. Calculate the remainder when 11 is divided by h.
3
Suppose -13 = b - 4*v, 3*b - 5*v = -v - 23. Suppose -d - 39 = -4*d. What is the remainder when 15/b + 0 + 41 is divided by d?
12
Let z be (-42)/(-4) + 1/(-2). Suppose 4*i - 2*b = z, 5*i - 4*b - 18 = -4. What is the remainder when 23 is divided by -2 + 8 - -1*i?
7
Suppose -2*b + 6*b = x - 7, 3*x - 41 = 2*b. Calculate the remainder when x is divided by (9 + -1)/((-4)/(-2)).
3
Suppose -5*j + 5 = -15. Suppose j*t + m + 14 = 5*t, 3*t = 5*m + 44. Let s = 10 - -27. Calculate the remainder when s is divided by t.
11
Suppose -6*c - 60 = -8*c. What is the remainder when c is divided by (32/(-6))/2*-6?
14
Suppose 5*y - u - 5 = 3, -3*y + 2*u = -2. Suppose 10 = 3*s - 0*s + 2*q, 2*s - 4*q = 12. What is the remainder when s is divided by y?
0
Let m = -22 + 98. Suppose 4*f + 4*q = q + m, 3*f - 57 = -2*q. Let t = f + -11. What is the remainder when 14 is divided by t?
6
Suppose -7 = 3*t - 4. Let p = t - -6. Suppose k - 2*g = 8, p*g - 13 = -4*k + 6. What is the remainder when 16 is divided by k?
4
Let j be 2*3/(-6)*-14. Suppose k + 0*k = j. Calculate the remainder when 39 is divided by k.
11
Let z(r) = 3*r**2 + 4*r. Calculate the remainder when z(-3) is divided by 8.
7
Let p(x) = x**2 - 5*x + 5. Let u be p(4). Let c = u + 6. Let s(l) = l**3 + 4*l**2 - l - 1. Calculate the remainder when c is divided by s(-4).
1
Suppose -r - z + 6 = 0, 0 = -5*r - 3*z + 15 + 11. Calculate the remainder when 51 is divided by r.
3
Let n(l) = l + 8. Let k be n(-8). Suppose 0 = -g - 3*c, -g + 3*c = -k*g. Suppose g = 4*v - 2*v - 82. What is the remainder when v is divided by 14?
13
Suppose -4*v + 4 = 4*i + i, 1 = v + 3*i. Let o = -65 + 105. What is the remainder when o is divided by v - 1/2*-26?
12
Let t = 98 + -57. Suppose t = 4*r - 99. Calculate the remainder when r is divided by 12.
11
Suppose 3*d = -3*f + 72 + 3, 3*f - 70 = -2*d. Calculate the remainder when 58 is divided by f.
18
Calculate the remainder when (-1)/((-4)/224) - 3 is divided by 28.
25
Suppose 2 = 2*s - 16. Calculate the remainder when (-2)/((-6)/s) - -64 is divided by 23.
21
Let p(h) = -h - 1. Let m(v) = v - 6. Let b(t) = -m(t) + 4*p(t). Let c be b(2). What is the remainder when 38 is divided by ((-9)/6 + -1)*c?
18
Let v(p) = 22*p + 1. Let s be v(2). Let r b